 = -33 + x. What is the tens digit of f?
6
Let g(c) = -2*c**2 + 19*c + 7. Let j(d) = 2*d**2 - 21*d - 7. Let o(p) = -5*g(p) - 4*j(p). Suppose -n + 11 = 2. What is the tens digit of o(n)?
5
Let x be (-8)/14 - (-855)/(-133). Let j(w) = 9 - 3 - 6*w - 3*w. What is the units digit of j(x)?
9
Let l = -121 + 120. Let u(p) = -74*p**3 + 2*p**2 - 3*p - 4. What is the tens digit of u(l)?
7
Suppose -4*a = -2*c - 12, -3*c - 2 = -2*a - 0. Suppose 0*h = -5*h - a*s + 132, -s = -h + 30. What is the tens digit of h?
2
Let a(h) = -22*h**2 + 62*h**2 + 0 + 3 - 4. Let l be (-20)/60 - (-4)/(-6). What is the units digit of a(l)?
9
Suppose -11*t - 49 + 335 = 0. What is the units digit of t?
6
Let x = -47 - -80. Let l be ((-12)/1)/((-22)/x). Suppose k - l = -5. What is the tens digit of k?
1
Suppose 38*a + 3*a - 79417 = 0. What is the units digit of a?
7
Let y be (-1)/3 - (-7)/3. Suppose -3*n - 17 = 2*r - 53, -3*r + 12 = n. What is the tens digit of y*n + 4 + 3?
3
Let a = -299 + 359. What is the tens digit of a?
6
Let m(l) = -3*l - 2. Let v be m(-2). Let a = 712 - 712. Suppose -4*h + a*c = 3*c - 268, 0 = v*c - 16. What is the units digit of h?
4
Let y(k) = 7*k + 19. Suppose -8*w + 30 = -3*w. What is the units digit of y(w)?
1
Let h(u) = -2*u**2 - u**2 - u**2 + 0*u**2 + 17*u + 5*u**2 + 7. Suppose 0 = -q - x - 18, -2*q + 36 = -4*q + 3*x. What is the tens digit of h(q)?
2
Let s = 4639 + -3304. What is the tens digit of s?
3
Let l(w) = 10*w**2 + 3*w + 2. Let f(q) be the first derivative of -q**4/4 - 2*q**3/3 - 2*q + 2. Let g be f(0). What is the units digit of l(g)?
6
Let p = -113 - 172. Let n = -111 - p. What is the units digit of n?
4
Let d(w) = 137*w - 3. Let l = 8 + -10. Let r be d(l). What is the tens digit of 4/18 + r/(-9)?
3
Let m be -3*2/2 + -8 + 11. Suppose 3*s - c - c - 223 = m, 5*c - 80 = -s. What is the units digit of s?
5
Let y(d) = 45*d**2 - 40*d**2 + d**3 - 3 - 1. Let s be y(-3). Suppose -2*t = -4*t - m + s, -m = 4. What is the units digit of t?
9
Let v = 4 + 9. Suppose v*n = 10*n + 300. What is the hundreds digit of n?
1
Let l(b) = -b**3 - 2*b - 7. Let d be l(-3). Suppose 24*m - d*m = -64. What is the units digit of m?
2
Let y be (12 - 0)*12/16. What is the tens digit of ((-16)/(-72) + 16/y)*78?
5
Suppose -4*s = -3*n - 185, 2*s + 2*n + 3*n = 73. What is the units digit of 206/(s/11 - (2 + 0))?
3
Suppose 0 = -2*k - w + 280, 3*k + 6*w - 413 = 8*w. What is the tens digit of k?
3
Let f = -2911 - -5755. What is the units digit of f?
4
Let i = 2587 - 1577. What is the hundreds digit of i?
0
Suppose 0 = 4*d - 273 + 17. Suppose 4*k + 5*t = 251, -d = 4*k + 4*t - 316. What is the units digit of k?
4
Let o(z) = -5*z - 1. Let p be o(-1). What is the tens digit of (9/(-6) - -1) + 638/p?
5
Let j be (17/4)/(1/8). Suppose -2*y - 5*s + 52 + 18 = 0, -2*s + j = y. Suppose -2*a = 2*m - m - 16, -5*m = -a + y. What is the units digit of a?
0
Suppose -1499 = 5*a + 2*y - 0*y, -4*a = y + 1201. What is the units digit of (a/(-14))/((-2)/(-4))?
3
Suppose 2*s = -2*z + 4, -s + 5*z - 22 = -0*z. What is the tens digit of ((-15)/s + -7)/((-1)/(-364))?
8
Let k be (-200)/(-1) + 0/4. Let u = -123 + k. Let r = u + -41. What is the tens digit of r?
3
Let o be (24/15)/((-24)/60). What is the tens digit of -1 + 2 - -311 - (o + 1)?
1
Let k(i) = -3*i + 39. Let b be k(12). Suppose 3 = -f - 2*f - 5*u, -4*f + 31 = -5*u. Suppose 3*g = 4*x - b, -f*g + g + 24 = 5*x. What is the units digit of x?
3
Let j(f) = -30*f + 630. What is the units digit of j(0)?
0
Let a = -90 - -256. Suppose 42 - 166 = -3*s - d, -2*d = 4*s - a. What is the units digit of s?
1
Let v = -17 - -21. Let n be 19 - 3/(12/v). What is the tens digit of (-4)/n + (-924)/(-27)?
3
Let s = 50 - 35. Suppose -5*t + s + 25 = 0. What is the tens digit of ((-78)/8)/((-3)/t)?
2
What is the tens digit of 1058 - ((2 - 6) + 0 - -3)?
5
Let n(y) = 8*y + 18. Let d be n(-11). What is the units digit of (-28)/d - 78/(-5)?
6
Let s(z) = 3*z**3 - 9*z**2 + 21*z. What is the tens digit of s(6)?
5
Let r = 17 + -12. Let u = 12 - r. What is the units digit of u?
7
Let d(i) = i**3 - 8*i**2 + 2. Let x be d(8). Suppose -x*y = -0 - 6. What is the units digit of y?
3
Suppose 31*r - 100594 = -75*r. What is the tens digit of r?
4
Suppose 12 = -7*t + 40. Suppose -5*x - t = -x. What is the units digit of (2/6)/(x/(-6))?
2
Let k be ((-3290)/28)/((-2)/(-4)). What is the hundreds digit of (-2 - (-15)/6) + k/(-2)?
1
Suppose 12*a - 8 = 10*a. Suppose -j = 5*y - 35, -a*y + 39 = j - 3*y. What is the units digit of j?
0
Let z = 2149 + -1211. What is the tens digit of z?
3
Let x(y) = -34*y + 27. What is the hundreds digit of x(-6)?
2
Let u(i) = -i - 7. Let t be u(-10). Let c be -1 + 6 - (-3 + t). Let l(b) = -b**2 + 6*b + 7. What is the tens digit of l(c)?
1
Suppose -6*w - 1530 = -11592. What is the tens digit of w?
7
What is the tens digit of 0 - (-1343)/3 - (-280)/(-168)?
4
Suppose 0 = -o - 5*v + 559, 5*o = v + 3675 - 932. What is the units digit of o?
9
Let p(u) = -u**3 - 5*u**2 - u + 8. Suppose 54 = -2*c + 2*n, -2*c + n = 2*c + 105. Let j = c + 20. What is the tens digit of p(j)?
5
Suppose -5256 = 7*n - 19*n. What is the hundreds digit of n?
4
Suppose 5*o - 314 = -74. Suppose -o = -z + 5*z. Let w = z - -28. What is the tens digit of w?
1
Suppose 5*q - 2*b - 29 = 0, -3 = q + 4*b - 0*b. Let l(h) = h**2 + 3*h - 3. What is the units digit of l(q)?
7
Suppose 9*d - 6*d - 21 = 0. Suppose d*q - 2*q - 1300 = -5*w, 0 = 5*q - 25. What is the hundreds digit of w?
2
Suppose 0 = 4*t - 28 + 8. Suppose 9*j + 4 = t*j. What is the tens digit of (1 + 2*-7)/j?
1
Let h be (-5 - 53)/(2 - 0). Let c = 48 + h. What is the units digit of c?
9
Suppose 5*g = 7*g + 24. Let c be ((-1)/(-2))/((-2)/g). Suppose 5*o - c*f = 43, -4*f - 2 - 2 = 0. What is the units digit of o?
8
Suppose 0 = 3*f + f - 4. Let t(v) = 55*v - 1. Let r be t(f). Suppose 2*o + 0*o - r = 0. What is the units digit of o?
7
Let v(z) = -z**3 - 14*z**2 - 8*z. What is the units digit of v(-14)?
2
Let l(y) = 343*y**2 + y - 2. What is the tens digit of l(1)?
4
Let u = -4 - 12. Let c be 4/u + (-18)/(-8). Suppose -12 = -5*j + 3*s + 62, -j - c*s + 20 = 0. What is the tens digit of j?
1
What is the tens digit of ((128535/22)/(-19))/((-3)/4)?
1
Suppose -1889 = -5*s + 41. What is the hundreds digit of s?
3
Let d(m) = -m**3 - 4*m**2 + 8*m + 1. Let f be d(-6). Let l be (6/(-8))/(1/(-16)). Let b = f - l. What is the tens digit of b?
1
Suppose g - 2*t - 8 = 10, -44 = -2*g + 2*t. Suppose g*a - 30*a + 656 = 0. What is the tens digit of a?
6
Let g(o) = 6*o**2 - o. Let z(q) = q**3 - 12*q**2 + 12*q - 11. Let u be z(11). Suppose 3*f = -6, h - 3*f - 3 = -u*h. What is the units digit of g(h)?
7
Suppose -3*d + 3 = -2*d. Suppose 2*v + 218 = 3*y + 67, -2*y + 110 = v. Suppose -3*c = d*h - 42, c + y = 2*h - 2*c. What is the units digit of h?
9
Let i = -17 - -15. Let m be 1 + i + 40/2. Suppose -m = -3*k + 56. What is the units digit of k?
5
Suppose -5*s - 1025 + 0 = 0. Let b = -90 - s. What is the units digit of b?
5
Suppose 3486 = 21*c - 4662. What is the hundreds digit of c?
3
Suppose 0*d - 5*d + f = 40, 5*d = -2*f - 25. Let k = 11 + d. Suppose k*g + 3*n - 12 + 0 = 0, -4*n - 16 = 0. What is the units digit of g?
6
Let i = 47 - 38. Suppose i*d - 63 = 6*d. What is the units digit of d?
1
Let p(x) = 4*x**2 + 9*x + 267. What is the units digit of p(-11)?
2
Suppose 7*f = -w + 4*f - 283, 2*w + 593 = 3*f. What is the tens digit of (-2)/(-3) + w/(-3)?
9
Let k = 1580 - 878. What is the tens digit of k?
0
What is the tens digit of -56*(270/9)/(-3)?
6
Suppose -5*g - 3*w + 13958 = 0, -90*g + 5580 = -88*g + 2*w. What is the thousands digit of g?
2
Suppose 13*l - 100 = -7*l. Suppose l*b - 55 = 5*x, 3 = b + x - 8. What is the units digit of b?
1
Let q be (3 + -3)*1/2. Let i(k) = 13*k + 0*k**2 + q*k + 3*k - 19 - k**2. What is the units digit of i(14)?
9
Suppose -k - 8 = -5*v + 33, -2*k - 5*v - 22 = 0. What is the units digit of (k/(-35))/((-1)/(-15))?
9
Let y be (15 + -10)*106/(-5). Let r = y - -183. What is the tens digit of r?
7
Suppose 32 = 2*v - 4*g, 4*g = v - 3*v - 8. What is the units digit of (-2)/((-28)/v - (3 - 7))?
3
Let r be 3 - ((-3)/3 + 2). Suppose r*z + 84 = 3*c, 2*z = 2*c - 18 - 38. What is the units digit of c?
8
Suppose -17*j + 40234 = 14615. What is the hundreds 